{"id":25274,"date":"2025-09-17T16:25:33","date_gmt":"2025-09-17T14:25:33","guid":{"rendered":"https:\/\/zsp12.gliwice.pl\/sp15\/?page_id=25274"},"modified":"2026-04-13T07:43:30","modified_gmt":"2026-04-13T05:43:30","slug":"2025-2026","status":"publish","type":"page","link":"https:\/\/zsp12.gliwice.pl\/sp15\/2025-2026\/","title":{"rendered":"2025\/2026"},"content":{"rendered":"\n<div class=\"wp-block-media-text is-stacked-on-mobile\" style=\"grid-template-columns:15% auto\"><figure class=\"wp-block-media-text__media\"><img loading=\"lazy\" decoding=\"async\" width=\"150\" height=\"150\" src=\"https:\/\/zsp12.gliwice.pl\/sp15\/wp-content\/uploads\/sites\/11\/2026\/04\/Gn_oZsHW8AA-E8S-1-150x150.jpg\" alt=\"\" class=\"wp-image-27633 size-thumbnail\" srcset=\"https:\/\/zsp12.gliwice.pl\/sp15\/wp-content\/uploads\/sites\/11\/2026\/04\/Gn_oZsHW8AA-E8S-1-150x150.jpg 150w, https:\/\/zsp12.gliwice.pl\/sp15\/wp-content\/uploads\/sites\/11\/2026\/04\/Gn_oZsHW8AA-E8S-1-300x300.jpg 300w\" sizes=\"(max-width: 150px) 100vw, 150px\" \/><\/figure><div class=\"wp-block-media-text__content\">\n<p><a href=\"https:\/\/zsp12.gliwice.pl\/sp15\/blog\/2026\/04\/13\/sprawozadanie-z-gali-8-kwietnia-miedzynarodowy-dzien-romow\/\">SPRAWOZADANIE Z GALI \u201e8 KWIETNIA \u2013 MI\u0118DZYNARODOWY DZIE\u0143 ROM\u00d3W\u201d<\/a><\/p>\n<\/div><\/div>\n\n\n\n<p><\/p>\n\n\n\n<div class=\"wp-block-media-text is-stacked-on-mobile\" style=\"grid-template-columns:15% auto\"><figure class=\"wp-block-media-text__media\"><img loading=\"lazy\" decoding=\"async\" width=\"150\" height=\"150\" src=\"https:\/\/zsp12.gliwice.pl\/sp15\/wp-content\/uploads\/sites\/11\/2025\/09\/5c2ade1a-e969-43c7-b3dc-fa77bc137590-Copy-150x150.jpg\" alt=\"\" class=\"wp-image-25748 size-thumbnail\" srcset=\"https:\/\/zsp12.gliwice.pl\/sp15\/wp-content\/uploads\/sites\/11\/2025\/09\/5c2ade1a-e969-43c7-b3dc-fa77bc137590-Copy-150x150.jpg 150w, https:\/\/zsp12.gliwice.pl\/sp15\/wp-content\/uploads\/sites\/11\/2025\/09\/5c2ade1a-e969-43c7-b3dc-fa77bc137590-Copy-300x300.jpg 300w\" sizes=\"(max-width: 150px) 100vw, 150px\" \/><\/figure><div class=\"wp-block-media-text__content\">\n<p><a href=\"https:\/\/zsp12.gliwice.pl\/sp15\/blog\/2025\/09\/25\/wycieczka-do-skansenu-i-zagrody-zubrow-w-pszczynie\/\">Wycieczka do Skansenu i Zagrody \u017bubr\u00f3w w Pszczynie<\/a><\/p>\n<\/div><\/div>\n\n\n\n<p><\/p>\n\n\n\n<div class=\"wp-block-media-text is-stacked-on-mobile\" style=\"grid-template-columns:15% auto\"><figure class=\"wp-block-media-text__media\"><img loading=\"lazy\" decoding=\"async\" width=\"150\" height=\"150\" src=\"https:\/\/zsp12.gliwice.pl\/sp15\/wp-content\/uploads\/sites\/11\/2025\/10\/nggallery_import\/640a3b57-1b81-454b-a605-111a48a18723-150x150.jpg\" alt=\"\" class=\"wp-image-25936 size-thumbnail\" srcset=\"https:\/\/zsp12.gliwice.pl\/sp15\/wp-content\/uploads\/sites\/11\/2025\/10\/nggallery_import\/640a3b57-1b81-454b-a605-111a48a18723-150x150.jpg 150w, https:\/\/zsp12.gliwice.pl\/sp15\/wp-content\/uploads\/sites\/11\/2025\/10\/nggallery_import\/640a3b57-1b81-454b-a605-111a48a18723-300x300.jpg 300w\" sizes=\"(max-width: 150px) 100vw, 150px\" \/><\/figure><div class=\"wp-block-media-text__content\">\n<p><a href=\"https:\/\/zsp12.gliwice.pl\/sp15\/blog\/2025\/10\/08\/wycieczka-do-do-muzeum-gornoslaskiego-parku-etnograficznego-w-chorzowie\/\">Wycieczka do do Muzeum \u201cG\u00f3rno\u015bl\u0105skiego Parku Etnograficznego w Chorzowie\u201d<\/a><\/p>\n<\/div><\/div>\n\n\n<p><img loading=\"lazy\" decoding=\"async\" class=\"size-large wp-image-25280 aligncenter\" src=\"https:\/\/zsp12.gliwice.pl\/sp15\/wp-content\/uploads\/sites\/11\/2025\/09\/HARMONOGRAM-PRACY-SWIETLICY-od-wrzesnia_page-0001-1024x724.jpg\" alt=\"\" width=\"640\" height=\"453\" srcset=\"https:\/\/zsp12.gliwice.pl\/sp15\/wp-content\/uploads\/sites\/11\/2025\/09\/HARMONOGRAM-PRACY-SWIETLICY-od-wrzesnia_page-0001-1024x724.jpg 1024w, https:\/\/zsp12.gliwice.pl\/sp15\/wp-content\/uploads\/sites\/11\/2025\/09\/HARMONOGRAM-PRACY-SWIETLICY-od-wrzesnia_page-0001-768x543.jpg 768w, https:\/\/zsp12.gliwice.pl\/sp15\/wp-content\/uploads\/sites\/11\/2025\/09\/HARMONOGRAM-PRACY-SWIETLICY-od-wrzesnia_page-0001-1536x1086.jpg 1536w, https:\/\/zsp12.gliwice.pl\/sp15\/wp-content\/uploads\/sites\/11\/2025\/09\/HARMONOGRAM-PRACY-SWIETLICY-od-wrzesnia_page-0001.jpg 1755w\" sizes=\"(max-width: 640px) 100vw, 640px\" \/><\/p>\n<p><img loading=\"lazy\" decoding=\"async\" class=\"size-large wp-image-25281 aligncenter\" src=\"https:\/\/zsp12.gliwice.pl\/sp15\/wp-content\/uploads\/sites\/11\/2025\/09\/HARMONOGRAM-PRACY-SWIETLICY-od-wrzesnia_page-0002-1024x724.jpg\" alt=\"\" width=\"640\" height=\"453\" srcset=\"https:\/\/zsp12.gliwice.pl\/sp15\/wp-content\/uploads\/sites\/11\/2025\/09\/HARMONOGRAM-PRACY-SWIETLICY-od-wrzesnia_page-0002-1024x724.jpg 1024w, https:\/\/zsp12.gliwice.pl\/sp15\/wp-content\/uploads\/sites\/11\/2025\/09\/HARMONOGRAM-PRACY-SWIETLICY-od-wrzesnia_page-0002-768x543.jpg 768w, https:\/\/zsp12.gliwice.pl\/sp15\/wp-content\/uploads\/sites\/11\/2025\/09\/HARMONOGRAM-PRACY-SWIETLICY-od-wrzesnia_page-0002-1536x1086.jpg 1536w, https:\/\/zsp12.gliwice.pl\/sp15\/wp-content\/uploads\/sites\/11\/2025\/09\/HARMONOGRAM-PRACY-SWIETLICY-od-wrzesnia_page-0002.jpg 1755w\" sizes=\"(max-width: 640px) 100vw, 640px\" \/><\/p>\n<p><img loading=\"lazy\" decoding=\"async\" class=\"size-large wp-image-25277 aligncenter\" src=\"https:\/\/zsp12.gliwice.pl\/sp15\/wp-content\/uploads\/sites\/11\/2025\/09\/HARMONOGRAM-PRACY-SWIETLICY-od-wrzesnia_page-0003-1024x724.jpg\" alt=\"\" width=\"640\" height=\"453\" srcset=\"https:\/\/zsp12.gliwice.pl\/sp15\/wp-content\/uploads\/sites\/11\/2025\/09\/HARMONOGRAM-PRACY-SWIETLICY-od-wrzesnia_page-0003-1024x724.jpg 1024w, https:\/\/zsp12.gliwice.pl\/sp15\/wp-content\/uploads\/sites\/11\/2025\/09\/HARMONOGRAM-PRACY-SWIETLICY-od-wrzesnia_page-0003-768x543.jpg 768w, https:\/\/zsp12.gliwice.pl\/sp15\/wp-content\/uploads\/sites\/11\/2025\/09\/HARMONOGRAM-PRACY-SWIETLICY-od-wrzesnia_page-0003-1536x1086.jpg 1536w, https:\/\/zsp12.gliwice.pl\/sp15\/wp-content\/uploads\/sites\/11\/2025\/09\/HARMONOGRAM-PRACY-SWIETLICY-od-wrzesnia_page-0003.jpg 1755w\" sizes=\"(max-width: 640px) 100vw, 640px\" \/> <img loading=\"lazy\" decoding=\"async\" class=\"size-large wp-image-25278 aligncenter\" src=\"https:\/\/zsp12.gliwice.pl\/sp15\/wp-content\/uploads\/sites\/11\/2025\/09\/HARMONOGRAM-PRACY-SWIETLICY-od-wrzesnia_page-0004-1024x724.jpg\" alt=\"\" width=\"640\" height=\"453\" srcset=\"https:\/\/zsp12.gliwice.pl\/sp15\/wp-content\/uploads\/sites\/11\/2025\/09\/HARMONOGRAM-PRACY-SWIETLICY-od-wrzesnia_page-0004-1024x724.jpg 1024w, https:\/\/zsp12.gliwice.pl\/sp15\/wp-content\/uploads\/sites\/11\/2025\/09\/HARMONOGRAM-PRACY-SWIETLICY-od-wrzesnia_page-0004-768x543.jpg 768w, https:\/\/zsp12.gliwice.pl\/sp15\/wp-content\/uploads\/sites\/11\/2025\/09\/HARMONOGRAM-PRACY-SWIETLICY-od-wrzesnia_page-0004-1536x1086.jpg 1536w, https:\/\/zsp12.gliwice.pl\/sp15\/wp-content\/uploads\/sites\/11\/2025\/09\/HARMONOGRAM-PRACY-SWIETLICY-od-wrzesnia_page-0004.jpg 1755w\" sizes=\"(max-width: 640px) 100vw, 640px\" \/> <img loading=\"lazy\" decoding=\"async\" class=\"size-large wp-image-25279 aligncenter\" src=\"https:\/\/zsp12.gliwice.pl\/sp15\/wp-content\/uploads\/sites\/11\/2025\/09\/HARMONOGRAM-PRACY-SWIETLICY-od-wrzesnia_page-0005-1024x724.jpg\" alt=\"\" width=\"640\" height=\"453\" srcset=\"https:\/\/zsp12.gliwice.pl\/sp15\/wp-content\/uploads\/sites\/11\/2025\/09\/HARMONOGRAM-PRACY-SWIETLICY-od-wrzesnia_page-0005-1024x724.jpg 1024w, https:\/\/zsp12.gliwice.pl\/sp15\/wp-content\/uploads\/sites\/11\/2025\/09\/HARMONOGRAM-PRACY-SWIETLICY-od-wrzesnia_page-0005-768x543.jpg 768w, https:\/\/zsp12.gliwice.pl\/sp15\/wp-content\/uploads\/sites\/11\/2025\/09\/HARMONOGRAM-PRACY-SWIETLICY-od-wrzesnia_page-0005-1536x1086.jpg 1536w, https:\/\/zsp12.gliwice.pl\/sp15\/wp-content\/uploads\/sites\/11\/2025\/09\/HARMONOGRAM-PRACY-SWIETLICY-od-wrzesnia_page-0005.jpg 1755w\" sizes=\"(max-width: 640px) 100vw, 640px\" \/><\/p>\n\n\nngg_shortcode_0_placeholder\n","protected":false},"excerpt":{"rendered":"<p>SPRAWOZADANIE Z GALI \u201e8 KWIETNIA \u2013 MI\u0118DZYNARODOWY DZIE\u0143 ROM\u00d3W\u201d Wycieczka do Skansenu i Zagrody \u017bubr\u00f3w w Pszczynie Wycieczka do do Muzeum \u201cG\u00f3rno\u015bl\u0105skiego Parku Etnograficznego w Chorzowie\u201d<\/p>\n","protected":false},"author":2,"featured_media":25277,"parent":0,"menu_order":0,"comment_status":"closed","ping_status":"closed","template":"","meta":{"inline_featured_image":false,"ngg_post_thumbnail":0,"footnotes":""},"class_list":["post-25274","page","type-page","status-publish","has-post-thumbnail","hentry"],"_links":{"self":[{"href":"https:\/\/zsp12.gliwice.pl\/sp15\/wp-json\/wp\/v2\/pages\/25274"}],"collection":[{"href":"https:\/\/zsp12.gliwice.pl\/sp15\/wp-json\/wp\/v2\/pages"}],"about":[{"href":"https:\/\/zsp12.gliwice.pl\/sp15\/wp-json\/wp\/v2\/types\/page"}],"author":[{"embeddable":true,"href":"https:\/\/zsp12.gliwice.pl\/sp15\/wp-json\/wp\/v2\/users\/2"}],"replies":[{"embeddable":true,"href":"https:\/\/zsp12.gliwice.pl\/sp15\/wp-json\/wp\/v2\/comments?post=25274"}],"version-history":[{"count":9,"href":"https:\/\/zsp12.gliwice.pl\/sp15\/wp-json\/wp\/v2\/pages\/25274\/revisions"}],"predecessor-version":[{"id":27636,"href":"https:\/\/zsp12.gliwice.pl\/sp15\/wp-json\/wp\/v2\/pages\/25274\/revisions\/27636"}],"wp:featuredmedia":[{"embeddable":true,"href":"https:\/\/zsp12.gliwice.pl\/sp15\/wp-json\/wp\/v2\/media\/25277"}],"wp:attachment":[{"href":"https:\/\/zsp12.gliwice.pl\/sp15\/wp-json\/wp\/v2\/media?parent=25274"}],"curies":[{"name":"wp","href":"https:\/\/api.w.org\/{rel}","templated":true}]}}