{"id":25223,"date":"2025-09-05T13:11:44","date_gmt":"2025-09-05T11:11:44","guid":{"rendered":"https:\/\/zsp12.gliwice.pl\/sp15\/?page_id=25223"},"modified":"2025-10-08T15:29:28","modified_gmt":"2025-10-08T13:29:28","slug":"szkolne-kolo-wolontariatu","status":"publish","type":"page","link":"https:\/\/zsp12.gliwice.pl\/sp15\/szkolne-kolo-wolontariatu\/","title":{"rendered":"SZKOLNE KO\u0141O WOLONTARIATU"},"content":{"rendered":"<p>Szkolne Ko\u0142o Wolontariatu to inicjatywa, kt\u00f3ra \u0142\u0105czy uczni\u00f3w pragn\u0105cych pomaga\u0107 innym oraz anga\u017cowa\u0107 si\u0119 w dzia\u0142ania na rzecz spo\u0142eczno\u015bci szkolnej i lokalnej. To miejsce, w kt\u00f3rym liczy si\u0119 wra\u017cliwo\u015b\u0107, empatia i odpowiedzialno\u015b\u0107, a tak\u017ce rozwijanie umiej\u0119tno\u015bci organizacyjnych, kreatywno\u015bci i wsp\u00f3\u0142pracy w zespole.<\/p>\n<p><strong>Cele Ko\u0142a Wolontariatu:<\/strong><\/p>\n<ul>\n<li>podejmowanie dzia\u0142a\u0144 integruj\u0105cych i wzmacniaj\u0105cych wi\u0119zi w \u015brodowisku szkolnym,<\/li>\n<li>wspieranie potrzebuj\u0105cych w naszej spo\u0142eczno\u015bci,<\/li>\n<li>promowanie postawy otwarto\u015bci, \u017cyczliwo\u015bci i bezinteresownej pomocy,<\/li>\n<li>organizowanie akcji charytatywnych, zbi\u00f3rek i inicjatyw na rzecz innych,<\/li>\n<li>wsp\u00f3\u0142praca z lokalnymi organizacjami i fundacjami, aby skuteczniej odpowiada\u0107 na potrzeby otoczenia,<\/li>\n<li>kszta\u0142towanie w uczniach poczucia odpowiedzialno\u015bci obywatelskiej i przynale\u017cno\u015bci do wsp\u00f3lnoty,<\/li>\n<li>rozwijanie kompetencji spo\u0142ecznych i umiej\u0119tno\u015bci pracy w grupie.<\/li>\n<\/ul>\n<p>Wolontariusze anga\u017cuj\u0105 si\u0119 zar\u00f3wno w pomoc potrzebuj\u0105cym, jak i w inicjatywy, kt\u00f3re buduj\u0105 przyjazn\u0105 atmosfer\u0119 w szkole. Mog\u0105 to by\u0107 m.in. organizacja wydarze\u0144 integracyjnych, wsparcie w przygotowaniu szkolnych uroczysto\u015bci, akcje proekologiczne, dzia\u0142ania promuj\u0105ce kultur\u0119 wzajemnego szacunku, a tak\u017ce wsp\u00f3\u0142praca z fundacjami w realizacji projekt\u00f3w o wi\u0119kszym zasi\u0119gu.<\/p>\n<p>Ko\u0142o skierowane jest do uczni\u00f3w klas&nbsp;<b>VII i VIII<\/b>, kt\u00f3rzy chc\u0105 aktywnie dzia\u0142a\u0107, rozwija\u0107 swoje talenty, poznawa\u0107 nowych ludzi i do\u015bwiadcza\u0107 rado\u015bci p\u0142yn\u0105cej z pomagania innym oraz wsp\u00f3\u0142tworzenia \u017cycia szko\u0142y.<\/p>\n<p>Koordynatorami Szkolnego Ko\u0142a Wolontariatu s\u0105 panie&nbsp;<strong>Marta Hadamek-Go\u017adziewicz<\/strong><b>&nbsp;i&nbsp;<\/b><strong>Beata Jasi\u0144ska<\/strong><b>.<\/b><\/p>\n\n\n<div class=\"wp-block-file\"><a id=\"wp-block-file--media-879996ad-b5d0-4be5-820c-2c7606df5bb9\" href=\"https:\/\/zsp12.gliwice.pl\/sp15\/wp-content\/uploads\/sites\/11\/2025\/09\/Regulamin-Szkolnego-Kola-Wolontariatu.pdf\">Regulamin Szkolnego Ko\u0142a Wolontariatu<\/a><a href=\"https:\/\/zsp12.gliwice.pl\/sp15\/wp-content\/uploads\/sites\/11\/2025\/09\/Regulamin-Szkolnego-Kola-Wolontariatu.pdf\" class=\"wp-block-file__button wp-element-button\" download aria-describedby=\"wp-block-file--media-879996ad-b5d0-4be5-820c-2c7606df5bb9\">Pobierz<\/a><\/div>\n\n\n\n<div class=\"wp-block-file\"><a id=\"wp-block-file--media-7a0f3b03-44d0-47fe-8ffd-36bf12204a23\" href=\"https:\/\/zsp12.gliwice.pl\/sp15\/wp-content\/uploads\/sites\/11\/2025\/09\/Zalaczniki-do-regulaminu-Szkolego-Kola-Wolontatriatu.pdf\">Za\u0142\u0105czniki do regulaminu Szkolego Ko\u0142a Wolontatriatu<\/a><a href=\"https:\/\/zsp12.gliwice.pl\/sp15\/wp-content\/uploads\/sites\/11\/2025\/09\/Zalaczniki-do-regulaminu-Szkolego-Kola-Wolontatriatu.pdf\" class=\"wp-block-file__button wp-element-button\" download aria-describedby=\"wp-block-file--media-7a0f3b03-44d0-47fe-8ffd-36bf12204a23\">Pobierz<\/a><\/div>\n\n\n\n<div class=\"wp-block-file\"><a id=\"wp-block-file--media-09f7e626-ee9f-4ad8-8c50-00d30b607fcf\" href=\"https:\/\/zsp12.gliwice.pl\/sp15\/wp-content\/uploads\/sites\/11\/2025\/10\/umowa_porozumienie_z_wolontariszem.pdf\">umowa_porozumienie_z_wolontariszem<\/a><a href=\"https:\/\/zsp12.gliwice.pl\/sp15\/wp-content\/uploads\/sites\/11\/2025\/10\/umowa_porozumienie_z_wolontariszem.pdf\" class=\"wp-block-file__button wp-element-button\" download aria-describedby=\"wp-block-file--media-09f7e626-ee9f-4ad8-8c50-00d30b607fcf\">Pobierz<\/a><\/div>\n","protected":false},"excerpt":{"rendered":"<p>Szkolne Ko\u0142o Wolontariatu to inicjatywa, kt\u00f3ra \u0142\u0105czy uczni\u00f3w pragn\u0105cych pomaga\u0107 innym oraz anga\u017cowa\u0107 si\u0119 w dzia\u0142ania na rzecz spo\u0142eczno\u015bci szkolnej i lokalnej. To miejsce, w kt\u00f3rym liczy si\u0119 wra\u017cliwo\u015b\u0107, empatia&#8230;<\/p>\n","protected":false},"author":2,"featured_media":16568,"parent":0,"menu_order":0,"comment_status":"closed","ping_status":"closed","template":"","meta":{"inline_featured_image":false,"ngg_post_thumbnail":0,"footnotes":""},"class_list":["post-25223","page","type-page","status-publish","has-post-thumbnail","hentry"],"_links":{"self":[{"href":"https:\/\/zsp12.gliwice.pl\/sp15\/wp-json\/wp\/v2\/pages\/25223"}],"collection":[{"href":"https:\/\/zsp12.gliwice.pl\/sp15\/wp-json\/wp\/v2\/pages"}],"about":[{"href":"https:\/\/zsp12.gliwice.pl\/sp15\/wp-json\/wp\/v2\/types\/page"}],"author":[{"embeddable":true,"href":"https:\/\/zsp12.gliwice.pl\/sp15\/wp-json\/wp\/v2\/users\/2"}],"replies":[{"embeddable":true,"href":"https:\/\/zsp12.gliwice.pl\/sp15\/wp-json\/wp\/v2\/comments?post=25223"}],"version-history":[{"count":3,"href":"https:\/\/zsp12.gliwice.pl\/sp15\/wp-json\/wp\/v2\/pages\/25223\/revisions"}],"predecessor-version":[{"id":25942,"href":"https:\/\/zsp12.gliwice.pl\/sp15\/wp-json\/wp\/v2\/pages\/25223\/revisions\/25942"}],"wp:featuredmedia":[{"embeddable":true,"href":"https:\/\/zsp12.gliwice.pl\/sp15\/wp-json\/wp\/v2\/media\/16568"}],"wp:attachment":[{"href":"https:\/\/zsp12.gliwice.pl\/sp15\/wp-json\/wp\/v2\/media?parent=25223"}],"curies":[{"name":"wp","href":"https:\/\/api.w.org\/{rel}","templated":true}]}}