{"id":17302,"date":"2023-08-16T14:28:49","date_gmt":"2023-08-16T12:28:49","guid":{"rendered":"https:\/\/zsp12.gliwice.pl\/sp15\/?page_id=17302"},"modified":"2023-11-28T20:14:42","modified_gmt":"2023-11-28T19:14:42","slug":"historia-sp15","status":"publish","type":"page","link":"https:\/\/zsp12.gliwice.pl\/sp15\/historia-sp15\/","title":{"rendered":"Historia SP15"},"content":{"rendered":"\n<p>Po 18 latach od przekszta\u0142cenia szko\u0142y w gimnazjum, czyli w roku 2017, zosta\u0142a przeprowadzona kolejna reforma systemu o\u015bwiaty, na podstawie kt\u00f3rej zn\u00f3w stali\u015bmy si\u0119 szko\u0142\u0105 podstawow\u0105, tym razem o numerze 15. Jeszcze w tym samym roku zostali\u015bmy po\u0142\u0105czeni z Przedszkolem Miejskim nr 7 przy ulicy Tarnog\u00f3rskiej w Zesp\u00f3\u0142 Szkolno-Przedszkolny nr 12.<\/p>\n\n\n\n<p>Decyzj\u0105 Miasta Gliwice Przedszkole nr 7 zosta\u0142o przeniesione od roku 2021 do budynku przy ulicy Lipowej. By\u0142o to mo\u017cliwe dzi\u0119ki inwestycji polegaj\u0105cej na dobudowaniu od strony p\u00f3\u0142nocnozachodniej dw\u00f3ch pawilon\u00f3w. W ten spos\u00f3b bry\u0142a budynku zyska\u0142a sw\u00f3j obecny kszta\u0142t.<\/p>\n\n\n<div class=\"wp-block-image\">\n<figure class=\"aligncenter size-large is-resized\"><img loading=\"lazy\" decoding=\"async\" src=\"https:\/\/zsp12.gliwice.pl\/sp15\/wp-content\/uploads\/sites\/11\/2023\/11\/Projekt-bez-nazwy-14-724x1024.png\" alt=\"\" class=\"wp-image-18603\" width=\"505\" height=\"714\" srcset=\"https:\/\/zsp12.gliwice.pl\/sp15\/wp-content\/uploads\/sites\/11\/2023\/11\/Projekt-bez-nazwy-14-724x1024.png 724w, https:\/\/zsp12.gliwice.pl\/sp15\/wp-content\/uploads\/sites\/11\/2023\/11\/Projekt-bez-nazwy-14-768x1086.png 768w, https:\/\/zsp12.gliwice.pl\/sp15\/wp-content\/uploads\/sites\/11\/2023\/11\/Projekt-bez-nazwy-14-1086x1536.png 1086w, https:\/\/zsp12.gliwice.pl\/sp15\/wp-content\/uploads\/sites\/11\/2023\/11\/Projekt-bez-nazwy-14-1448x2048.png 1448w, https:\/\/zsp12.gliwice.pl\/sp15\/wp-content\/uploads\/sites\/11\/2023\/11\/Projekt-bez-nazwy-14.png 1587w\" sizes=\"(max-width: 505px) 100vw, 505px\" \/><\/figure><\/div>","protected":false},"excerpt":{"rendered":"<p>Po 18 latach od przekszta\u0142cenia szko\u0142y w gimnazjum, czyli w roku 2017, zosta\u0142a przeprowadzona kolejna reforma systemu o\u015bwiaty, na podstawie kt\u00f3rej zn\u00f3w stali\u015bmy si\u0119 szko\u0142\u0105 podstawow\u0105, tym razem o numerze&#8230;<\/p>\n","protected":false},"author":11,"featured_media":18602,"parent":0,"menu_order":0,"comment_status":"closed","ping_status":"closed","template":"","meta":{"inline_featured_image":false,"ngg_post_thumbnail":0,"footnotes":""},"class_list":["post-17302","page","type-page","status-publish","has-post-thumbnail","hentry"],"_links":{"self":[{"href":"https:\/\/zsp12.gliwice.pl\/sp15\/wp-json\/wp\/v2\/pages\/17302"}],"collection":[{"href":"https:\/\/zsp12.gliwice.pl\/sp15\/wp-json\/wp\/v2\/pages"}],"about":[{"href":"https:\/\/zsp12.gliwice.pl\/sp15\/wp-json\/wp\/v2\/types\/page"}],"author":[{"embeddable":true,"href":"https:\/\/zsp12.gliwice.pl\/sp15\/wp-json\/wp\/v2\/users\/11"}],"replies":[{"embeddable":true,"href":"https:\/\/zsp12.gliwice.pl\/sp15\/wp-json\/wp\/v2\/comments?post=17302"}],"version-history":[{"count":2,"href":"https:\/\/zsp12.gliwice.pl\/sp15\/wp-json\/wp\/v2\/pages\/17302\/revisions"}],"predecessor-version":[{"id":18604,"href":"https:\/\/zsp12.gliwice.pl\/sp15\/wp-json\/wp\/v2\/pages\/17302\/revisions\/18604"}],"wp:featuredmedia":[{"embeddable":true,"href":"https:\/\/zsp12.gliwice.pl\/sp15\/wp-json\/wp\/v2\/media\/18602"}],"wp:attachment":[{"href":"https:\/\/zsp12.gliwice.pl\/sp15\/wp-json\/wp\/v2\/media?parent=17302"}],"curies":[{"name":"wp","href":"https:\/\/api.w.org\/{rel}","templated":true}]}}

<p>Po 18 latach od przekształcenia szkoły w gimnazjum, czyli w roku 2017, została przeprowadzona kolejna reforma systemu oświaty, na podstawie której znów staliśmy się szkołą podstawową, tym razem o numerze 15. Jeszcze w tym samym roku zostaliśmy połączeni z Przedszkolem Miejskim nr 7 przy ulicy Tarnogórskiej w Zespół Szkolno-Przedszkolny nr 12.</p>



<p>Decyzją Miasta Gliwice Przedszkole nr 7 zostało przeniesione od roku 2021 do budynku przy ulicy Lipowej. Było to możliwe dzięki inwestycji polegającej na dobudowaniu od strony północnozachodniej dwóch pawilonów. W ten sposób bryła budynku zyskała swój obecny kształt.</p>


<div class="wp-block-image">
<figure class="aligncenter size-large is-resized"><img loading="lazy" decoding="async" src="https://zsp12.gliwice.pl/sp15/wp-content/uploads/sites/11/2023/11/Projekt-bez-nazwy-14-724x1024.png" alt="" class="wp-image-18603" width="505" height="714" srcset="https://zsp12.gliwice.pl/sp15/wp-content/uploads/sites/11/2023/11/Projekt-bez-nazwy-14-724x1024.png 724w, https://zsp12.gliwice.pl/sp15/wp-content/uploads/sites/11/2023/11/Projekt-bez-nazwy-14-768x1086.png 768w, https://zsp12.gliwice.pl/sp15/wp-content/uploads/sites/11/2023/11/Projekt-bez-nazwy-14-1086x1536.png 1086w, https://zsp12.gliwice.pl/sp15/wp-content/uploads/sites/11/2023/11/Projekt-bez-nazwy-14-1448x2048.png 1448w, https://zsp12.gliwice.pl/sp15/wp-content/uploads/sites/11/2023/11/Projekt-bez-nazwy-14.png 1587w" sizes="(max-width: 505px) 100vw, 505px" /></figure></div>

<p>Po 18 latach od przekształcenia szkoły w gimnazjum, czyli w roku 2017, została przeprowadzona kolejna reforma systemu oświaty, na podstawie której znów staliśmy się szkołą podstawową, tym razem o numerze&#8230;</p>
