{"id":13358,"date":"2023-07-10T17:46:42","date_gmt":"2023-07-10T15:46:42","guid":{"rendered":"https:\/\/zsp12.gliwice.pl\/pm7\/?page_id=13358"},"modified":"2026-03-12T07:35:30","modified_gmt":"2026-03-12T06:35:30","slug":"o-przedszkolu","status":"publish","type":"page","link":"https:\/\/zsp12.gliwice.pl\/pm7\/o-przedszkolu\/","title":{"rendered":"O PRZEDSZKOLU"},"content":{"rendered":"<p>Nasze Przedszkole na prze\u0142omie 76 lat uleg\u0142o nowatorskim przemianom zar\u00f3wno w sferze dydaktycznej, wychowawczej jak i architektonicznej.<\/p>\n<p>9 grudnia 1950 r. decyzj\u0105 Prezydium Miejskiej Rady Narodowej w Gliwicach budynek przy ulicy Tarnog\u00f3rskiej 107 zosta\u0142 przekazany Przedszkolu nr 7.<\/p>\n<div id='gallery-1' class='gallery galleryid-13358 gallery-columns-2 gallery-size-full'><figure class='gallery-item'>\n\t\t\t<div class='gallery-icon portrait'>\n\t\t\t\t<img loading=\"lazy\" decoding=\"async\" width=\"1700\" height=\"2339\" src=\"https:\/\/zsp12.gliwice.pl\/pm7\/wp-content\/uploads\/sites\/7\/2023\/07\/skanowanie0001-rotated.jpg\" class=\"attachment-full size-full\" alt=\"\" srcset=\"https:\/\/zsp12.gliwice.pl\/pm7\/wp-content\/uploads\/sites\/7\/2023\/07\/skanowanie0001-rotated.jpg 1700w, https:\/\/zsp12.gliwice.pl\/pm7\/wp-content\/uploads\/sites\/7\/2023\/07\/skanowanie0001-744x1024.jpg 744w, https:\/\/zsp12.gliwice.pl\/pm7\/wp-content\/uploads\/sites\/7\/2023\/07\/skanowanie0001-768x1057.jpg 768w, https:\/\/zsp12.gliwice.pl\/pm7\/wp-content\/uploads\/sites\/7\/2023\/07\/skanowanie0001-1116x1536.jpg 1116w, https:\/\/zsp12.gliwice.pl\/pm7\/wp-content\/uploads\/sites\/7\/2023\/07\/skanowanie0001-1488x2048.jpg 1488w\" sizes=\"(max-width: 1700px) 100vw, 1700px\" \/>\n\t\t\t<\/div><\/figure><figure class='gallery-item'>\n\t\t\t<div class='gallery-icon portrait'>\n\t\t\t\t<img loading=\"lazy\" decoding=\"async\" width=\"1700\" height=\"2339\" src=\"https:\/\/zsp12.gliwice.pl\/pm7\/wp-content\/uploads\/sites\/7\/2023\/07\/skanowanie0002.jpg\" class=\"attachment-full size-full\" alt=\"\" srcset=\"https:\/\/zsp12.gliwice.pl\/pm7\/wp-content\/uploads\/sites\/7\/2023\/07\/skanowanie0002.jpg 1700w, https:\/\/zsp12.gliwice.pl\/pm7\/wp-content\/uploads\/sites\/7\/2023\/07\/skanowanie0002-744x1024.jpg 744w, https:\/\/zsp12.gliwice.pl\/pm7\/wp-content\/uploads\/sites\/7\/2023\/07\/skanowanie0002-768x1057.jpg 768w, https:\/\/zsp12.gliwice.pl\/pm7\/wp-content\/uploads\/sites\/7\/2023\/07\/skanowanie0002-1116x1536.jpg 1116w, https:\/\/zsp12.gliwice.pl\/pm7\/wp-content\/uploads\/sites\/7\/2023\/07\/skanowanie0002-1488x2048.jpg 1488w\" sizes=\"(max-width: 1700px) 100vw, 1700px\" \/>\n\t\t\t<\/div><\/figure>\n\t\t<\/div>\n\n<p>Od roku 1950 plac\u00f3wka nieprzerwalnie prowadzi\u0142a zaj\u0119cia dydaktyczno &#8211; wychowawcze dla kolejnych pokole\u0144 m\u0142odych mieszka\u0144c\u00f3w Szobiszowic i okolicznych dzielnic.<\/p>\n<p>W roku 2010 zako\u0144czony zosta\u0142 proces modernizacji budynku Przedszkola Miejskiego nr 7 dla pi\u0119ciu oddzia\u0142\u00f3w.<\/p>\n<div id='gallery-2' class='gallery galleryid-13358 gallery-columns-6 gallery-size-thumbnail'><figure class='gallery-item'>\n\t\t\t<div class='gallery-icon landscape'>\n\t\t\t\t<a href='https:\/\/zsp12.gliwice.pl\/pm7\/o-przedszkolu\/obraz2-3\/'><img loading=\"lazy\" decoding=\"async\" width=\"150\" height=\"150\" src=\"https:\/\/zsp12.gliwice.pl\/pm7\/wp-content\/uploads\/sites\/7\/2023\/07\/Obraz2-1-150x150.jpg\" class=\"attachment-thumbnail size-thumbnail\" alt=\"\" \/><\/a>\n\t\t\t<\/div><\/figure><figure class='gallery-item'>\n\t\t\t<div class='gallery-icon landscape'>\n\t\t\t\t<a href='https:\/\/zsp12.gliwice.pl\/pm7\/o-przedszkolu\/obraz3\/'><img loading=\"lazy\" decoding=\"async\" width=\"150\" height=\"150\" src=\"https:\/\/zsp12.gliwice.pl\/pm7\/wp-content\/uploads\/sites\/7\/2023\/07\/Obraz3-150x150.jpg\" class=\"attachment-thumbnail size-thumbnail\" alt=\"\" \/><\/a>\n\t\t\t<\/div><\/figure><figure class='gallery-item'>\n\t\t\t<div class='gallery-icon landscape'>\n\t\t\t\t<a href='https:\/\/zsp12.gliwice.pl\/pm7\/o-przedszkolu\/obraz1-3\/'><img loading=\"lazy\" decoding=\"async\" width=\"150\" height=\"150\" src=\"https:\/\/zsp12.gliwice.pl\/pm7\/wp-content\/uploads\/sites\/7\/2023\/07\/Obraz1-1-150x150.jpg\" class=\"attachment-thumbnail size-thumbnail\" alt=\"\" \/><\/a>\n\t\t\t<\/div><\/figure><figure class='gallery-item'>\n\t\t\t<div class='gallery-icon landscape'>\n\t\t\t\t<a href='https:\/\/zsp12.gliwice.pl\/pm7\/o-przedszkolu\/obraz4\/'><img loading=\"lazy\" decoding=\"async\" width=\"150\" height=\"150\" src=\"https:\/\/zsp12.gliwice.pl\/pm7\/wp-content\/uploads\/sites\/7\/2023\/07\/Obraz4-150x150.jpg\" class=\"attachment-thumbnail size-thumbnail\" alt=\"\" srcset=\"https:\/\/zsp12.gliwice.pl\/pm7\/wp-content\/uploads\/sites\/7\/2023\/07\/Obraz4-150x150.jpg 150w, https:\/\/zsp12.gliwice.pl\/pm7\/wp-content\/uploads\/sites\/7\/2023\/07\/Obraz4-300x300.jpg 300w\" sizes=\"(max-width: 150px) 100vw, 150px\" \/><\/a>\n\t\t\t<\/div><\/figure><figure class='gallery-item'>\n\t\t\t<div class='gallery-icon landscape'>\n\t\t\t\t<a href='https:\/\/zsp12.gliwice.pl\/pm7\/o-przedszkolu\/obraz5\/'><img loading=\"lazy\" decoding=\"async\" width=\"150\" height=\"150\" src=\"https:\/\/zsp12.gliwice.pl\/pm7\/wp-content\/uploads\/sites\/7\/2023\/07\/Obraz5-150x150.jpg\" class=\"attachment-thumbnail size-thumbnail\" alt=\"\" srcset=\"https:\/\/zsp12.gliwice.pl\/pm7\/wp-content\/uploads\/sites\/7\/2023\/07\/Obraz5-150x150.jpg 150w, https:\/\/zsp12.gliwice.pl\/pm7\/wp-content\/uploads\/sites\/7\/2023\/07\/Obraz5-300x300.jpg 300w\" sizes=\"(max-width: 150px) 100vw, 150px\" \/><\/a>\n\t\t\t<\/div><\/figure><figure class='gallery-item'>\n\t\t\t<div class='gallery-icon landscape'>\n\t\t\t\t<a href='https:\/\/zsp12.gliwice.pl\/pm7\/o-przedszkolu\/obraz6\/'><img loading=\"lazy\" decoding=\"async\" width=\"150\" height=\"150\" src=\"https:\/\/zsp12.gliwice.pl\/pm7\/wp-content\/uploads\/sites\/7\/2023\/07\/Obraz6-150x150.png\" class=\"attachment-thumbnail size-thumbnail\" alt=\"\" \/><\/a>\n\t\t\t<\/div><\/figure>\n\t\t<\/div>\n\n<p>W roku 2017 decyzj\u0105 Rady Miejskiej, Przedszkole Miejskie nr 7 zosta\u0142o cz\u0119\u015bci\u0105 Zespo\u0142u Szkolno &#8211; Przedszkolnego nr 12, aktualnie plac\u00f3wka dzia\u0142a w nowobudowanej cz\u0119\u015bci przy ul. Lipowej 29, przygotowanej dla czterech oddzia\u0142\u00f3w.<\/p>\n<div id='gallery-3' class='gallery galleryid-13358 gallery-columns-6 gallery-size-thumbnail'><figure class='gallery-item'>\n\t\t\t<div class='gallery-icon landscape'>\n\t\t\t\t<a href='https:\/\/zsp12.gliwice.pl\/pm7\/o-przedszkolu\/20210909_123746-copy\/'><img loading=\"lazy\" decoding=\"async\" width=\"150\" height=\"150\" src=\"https:\/\/zsp12.gliwice.pl\/pm7\/wp-content\/uploads\/sites\/7\/2023\/07\/20210909_123746-Copy-150x150.jpg\" class=\"attachment-thumbnail size-thumbnail\" alt=\"\" srcset=\"https:\/\/zsp12.gliwice.pl\/pm7\/wp-content\/uploads\/sites\/7\/2023\/07\/20210909_123746-Copy-150x150.jpg 150w, https:\/\/zsp12.gliwice.pl\/pm7\/wp-content\/uploads\/sites\/7\/2023\/07\/20210909_123746-Copy-300x300.jpg 300w\" sizes=\"(max-width: 150px) 100vw, 150px\" \/><\/a>\n\t\t\t<\/div><\/figure><figure class='gallery-item'>\n\t\t\t<div class='gallery-icon landscape'>\n\t\t\t\t<a href='https:\/\/zsp12.gliwice.pl\/pm7\/o-przedszkolu\/20211130_105452-copy\/'><img loading=\"lazy\" decoding=\"async\" width=\"150\" height=\"150\" src=\"https:\/\/zsp12.gliwice.pl\/pm7\/wp-content\/uploads\/sites\/7\/2023\/07\/20211130_105452-Copy-150x150.jpg\" class=\"attachment-thumbnail size-thumbnail\" alt=\"\" srcset=\"https:\/\/zsp12.gliwice.pl\/pm7\/wp-content\/uploads\/sites\/7\/2023\/07\/20211130_105452-Copy-150x150.jpg 150w, https:\/\/zsp12.gliwice.pl\/pm7\/wp-content\/uploads\/sites\/7\/2023\/07\/20211130_105452-Copy-300x300.jpg 300w\" sizes=\"(max-width: 150px) 100vw, 150px\" \/><\/a>\n\t\t\t<\/div><\/figure><figure class='gallery-item'>\n\t\t\t<div class='gallery-icon landscape'>\n\t\t\t\t<a href='https:\/\/zsp12.gliwice.pl\/pm7\/o-przedszkolu\/20220324_092644-copy\/'><img loading=\"lazy\" decoding=\"async\" width=\"150\" height=\"150\" src=\"https:\/\/zsp12.gliwice.pl\/pm7\/wp-content\/uploads\/sites\/7\/2023\/07\/20220324_092644-Copy-150x150.jpg\" class=\"attachment-thumbnail size-thumbnail\" alt=\"\" srcset=\"https:\/\/zsp12.gliwice.pl\/pm7\/wp-content\/uploads\/sites\/7\/2023\/07\/20220324_092644-Copy-150x150.jpg 150w, https:\/\/zsp12.gliwice.pl\/pm7\/wp-content\/uploads\/sites\/7\/2023\/07\/20220324_092644-Copy-300x300.jpg 300w\" sizes=\"(max-width: 150px) 100vw, 150px\" \/><\/a>\n\t\t\t<\/div><\/figure><figure class='gallery-item'>\n\t\t\t<div class='gallery-icon landscape'>\n\t\t\t\t<a href='https:\/\/zsp12.gliwice.pl\/pm7\/o-przedszkolu\/20210903_104605-copy\/'><img loading=\"lazy\" decoding=\"async\" width=\"150\" height=\"150\" src=\"https:\/\/zsp12.gliwice.pl\/pm7\/wp-content\/uploads\/sites\/7\/2023\/07\/20210903_104605-Copy-150x150.jpg\" class=\"attachment-thumbnail size-thumbnail\" alt=\"\" srcset=\"https:\/\/zsp12.gliwice.pl\/pm7\/wp-content\/uploads\/sites\/7\/2023\/07\/20210903_104605-Copy-150x150.jpg 150w, https:\/\/zsp12.gliwice.pl\/pm7\/wp-content\/uploads\/sites\/7\/2023\/07\/20210903_104605-Copy-300x300.jpg 300w\" sizes=\"(max-width: 150px) 100vw, 150px\" \/><\/a>\n\t\t\t<\/div><\/figure><figure class='gallery-item'>\n\t\t\t<div class='gallery-icon landscape'>\n\t\t\t\t<a href='https:\/\/zsp12.gliwice.pl\/pm7\/o-przedszkolu\/20210927_092304-copy\/'><img loading=\"lazy\" decoding=\"async\" width=\"150\" height=\"150\" src=\"https:\/\/zsp12.gliwice.pl\/pm7\/wp-content\/uploads\/sites\/7\/2023\/07\/20210927_092304-Copy-150x150.jpg\" class=\"attachment-thumbnail size-thumbnail\" alt=\"\" srcset=\"https:\/\/zsp12.gliwice.pl\/pm7\/wp-content\/uploads\/sites\/7\/2023\/07\/20210927_092304-Copy-150x150.jpg 150w, https:\/\/zsp12.gliwice.pl\/pm7\/wp-content\/uploads\/sites\/7\/2023\/07\/20210927_092304-Copy-300x300.jpg 300w\" sizes=\"(max-width: 150px) 100vw, 150px\" \/><\/a>\n\t\t\t<\/div><\/figure><figure class='gallery-item'>\n\t\t\t<div class='gallery-icon landscape'>\n\t\t\t\t<a href='https:\/\/zsp12.gliwice.pl\/pm7\/o-przedszkolu\/20220321_103712-copy\/'><img loading=\"lazy\" decoding=\"async\" width=\"150\" height=\"150\" src=\"https:\/\/zsp12.gliwice.pl\/pm7\/wp-content\/uploads\/sites\/7\/2023\/07\/20220321_103712-Copy-150x150.jpg\" class=\"attachment-thumbnail size-thumbnail\" alt=\"\" srcset=\"https:\/\/zsp12.gliwice.pl\/pm7\/wp-content\/uploads\/sites\/7\/2023\/07\/20220321_103712-Copy-150x150.jpg 150w, https:\/\/zsp12.gliwice.pl\/pm7\/wp-content\/uploads\/sites\/7\/2023\/07\/20220321_103712-Copy-300x300.jpg 300w\" sizes=\"(max-width: 150px) 100vw, 150px\" \/><\/a>\n\t\t\t<\/div><\/figure>\n\t\t<\/div>\n\n<p>&nbsp;&nbsp;&nbsp;<\/p>\n","protected":false},"excerpt":{"rendered":"<p>Nasze Przedszkole na prze\u0142omie 76 lat uleg\u0142o nowatorskim przemianom zar\u00f3wno w sferze dydaktycznej, wychowawczej jak i architektonicznej. 9 grudnia 1950&#8230;<\/p>\n","protected":false},"author":2,"featured_media":13359,"parent":0,"menu_order":0,"comment_status":"closed","ping_status":"closed","template":"","meta":{"inline_featured_image":false,"ngg_post_thumbnail":0,"footnotes":""},"class_list":["post-13358","page","type-page","status-publish","has-post-thumbnail","hentry"],"_links":{"self":[{"href":"https:\/\/zsp12.gliwice.pl\/pm7\/wp-json\/wp\/v2\/pages\/13358"}],"collection":[{"href":"https:\/\/zsp12.gliwice.pl\/pm7\/wp-json\/wp\/v2\/pages"}],"about":[{"href":"https:\/\/zsp12.gliwice.pl\/pm7\/wp-json\/wp\/v2\/types\/page"}],"author":[{"embeddable":true,"href":"https:\/\/zsp12.gliwice.pl\/pm7\/wp-json\/wp\/v2\/users\/2"}],"replies":[{"embeddable":true,"href":"https:\/\/zsp12.gliwice.pl\/pm7\/wp-json\/wp\/v2\/comments?post=13358"}],"version-history":[{"count":4,"href":"https:\/\/zsp12.gliwice.pl\/pm7\/wp-json\/wp\/v2\/pages\/13358\/revisions"}],"predecessor-version":[{"id":19934,"href":"https:\/\/zsp12.gliwice.pl\/pm7\/wp-json\/wp\/v2\/pages\/13358\/revisions\/19934"}],"wp:featuredmedia":[{"embeddable":true,"href":"https:\/\/zsp12.gliwice.pl\/pm7\/wp-json\/wp\/v2\/media\/13359"}],"wp:attachment":[{"href":"https:\/\/zsp12.gliwice.pl\/pm7\/wp-json\/wp\/v2\/media?parent=13358"}],"curies":[{"name":"wp","href":"https:\/\/api.w.org\/{rel}","templated":true}]}}