{"id":13349,"date":"2023-07-10T16:50:22","date_gmt":"2023-07-10T14:50:22","guid":{"rendered":"https:\/\/zsp12.gliwice.pl\/pm7\/?page_id=13349"},"modified":"2024-06-20T18:07:02","modified_gmt":"2024-06-20T16:07:02","slug":"pliki-do-pobrania-2","status":"publish","type":"page","link":"https:\/\/zsp12.gliwice.pl\/pm7\/pliki-do-pobrania-2\/","title":{"rendered":"PLIKI DO POBRANIA"},"content":{"rendered":"\n<div class=\"wp-block-file\"><a id=\"wp-block-file--media-8f8d18d8-8457-4530-817c-2602f37b3feb\" href=\"https:\/\/zsp12.gliwice.pl\/pm7\/wp-content\/uploads\/sites\/7\/2023\/09\/PM7-Aneks-do-harmonogramu-pobytu-dziecka-w-przedszkolu.pdf\">PM7 Aneks do harmonogramu pobytu dziecka w przedszkolu<\/a><a href=\"https:\/\/zsp12.gliwice.pl\/pm7\/wp-content\/uploads\/sites\/7\/2023\/09\/PM7-Aneks-do-harmonogramu-pobytu-dziecka-w-przedszkolu.pdf\" class=\"wp-block-file__button wp-element-button\" download aria-describedby=\"wp-block-file--media-8f8d18d8-8457-4530-817c-2602f37b3feb\">Pobierz<\/a><\/div>\n\n\n\n<div class=\"wp-block-file\"><a id=\"wp-block-file--media-1c828353-045f-41d3-9859-303a26180fa5\" href=\"https:\/\/zsp12.gliwice.pl\/pm7\/wp-content\/uploads\/sites\/7\/2023\/09\/PM7-2023-Deklaracji-godzin-pobytu.pdf\">PM7 Deklaracji godzin pobytu 2023<\/a><a href=\"https:\/\/zsp12.gliwice.pl\/pm7\/wp-content\/uploads\/sites\/7\/2023\/09\/PM7-2023-Deklaracji-godzin-pobytu.pdf\" class=\"wp-block-file__button wp-element-button\" download aria-describedby=\"wp-block-file--media-1c828353-045f-41d3-9859-303a26180fa5\">Pobierz<\/a><\/div>\n\n\n\n<div class=\"wp-block-file\"><a id=\"wp-block-file--media-94614a71-75fc-4cec-ab91-0988ec23eba8\" href=\"https:\/\/zsp12.gliwice.pl\/pm7\/wp-content\/uploads\/sites\/7\/2023\/09\/PM7-Deklaracja-udzialu-w-zajeciach-mniejszosci-narodowej-niemieckiego.pdf\">PM7 Deklaracja udzia\u0142u w zaj\u0119ciach mniejszo\u015bci narodowej &#8211; niemieckiego<\/a><a href=\"https:\/\/zsp12.gliwice.pl\/pm7\/wp-content\/uploads\/sites\/7\/2023\/09\/PM7-Deklaracja-udzialu-w-zajeciach-mniejszosci-narodowej-niemieckiego.pdf\" class=\"wp-block-file__button wp-element-button\" download aria-describedby=\"wp-block-file--media-94614a71-75fc-4cec-ab91-0988ec23eba8\">Pobierz<\/a><\/div>\n\n\n\n<div class=\"wp-block-file\"><a id=\"wp-block-file--media-3391cac4-2ab3-4df2-bb36-509297dfe0ec\" href=\"https:\/\/zsp12.gliwice.pl\/pm7\/wp-content\/uploads\/sites\/7\/2023\/09\/PM7-Formularz-aktualizacji-danych-osobowych.pdf\">PM7 Formularz aktualizacji danych osobowych<\/a><a href=\"https:\/\/zsp12.gliwice.pl\/pm7\/wp-content\/uploads\/sites\/7\/2023\/09\/PM7-Formularz-aktualizacji-danych-osobowych.pdf\" class=\"wp-block-file__button wp-element-button\" download aria-describedby=\"wp-block-file--media-3391cac4-2ab3-4df2-bb36-509297dfe0ec\">Pobierz<\/a><\/div>\n\n\n\n<div class=\"wp-block-file\"><a id=\"wp-block-file--media-2a7ee3df-99db-454b-929e-1ddcfd7c1cb5\" href=\"https:\/\/zsp12.gliwice.pl\/pm7\/wp-content\/uploads\/sites\/7\/2023\/09\/PM7-Harmonogram-pobytu-dziecka-w-przedszkolu.pdf\">PM7 Harmonogram pobytu dziecka w przedszkolu<\/a><a href=\"https:\/\/zsp12.gliwice.pl\/pm7\/wp-content\/uploads\/sites\/7\/2023\/09\/PM7-Harmonogram-pobytu-dziecka-w-przedszkolu.pdf\" class=\"wp-block-file__button wp-element-button\" download aria-describedby=\"wp-block-file--media-2a7ee3df-99db-454b-929e-1ddcfd7c1cb5\">Pobierz<\/a><\/div>\n\n\n\n<div class=\"wp-block-file\"><a id=\"wp-block-file--media-0426038e-dcf5-4410-b26e-39c8a90bdd29\" href=\"https:\/\/zsp12.gliwice.pl\/pm7\/wp-content\/uploads\/sites\/7\/2023\/09\/PM7-Rezygnacja-z-udzialu-dziecka-w-zajeciach-religii.pdf\">PM7 Rezygnacja z udzia\u0142u dziecka w zaj\u0119ciach religii<\/a><a href=\"https:\/\/zsp12.gliwice.pl\/pm7\/wp-content\/uploads\/sites\/7\/2023\/09\/PM7-Rezygnacja-z-udzialu-dziecka-w-zajeciach-religii.pdf\" class=\"wp-block-file__button wp-element-button\" download aria-describedby=\"wp-block-file--media-0426038e-dcf5-4410-b26e-39c8a90bdd29\">Pobierz<\/a><\/div>\n\n\n\n<div class=\"wp-block-file\"><a id=\"wp-block-file--media-02d41cc7-1f5c-45de-806a-5db2aeb03c57\" href=\"https:\/\/zsp12.gliwice.pl\/pm7\/wp-content\/uploads\/sites\/7\/2023\/09\/PM7-Rezygnazja-z-udzialu-w-zajeciach-mniejszosci-narodowej-niemieckiego.pdf\">PM7 Rezygnacja z udzia\u0142u w zaj\u0119ciach mniejszo\u015bci narodowej &#8211; niemieckiego<\/a><a href=\"https:\/\/zsp12.gliwice.pl\/pm7\/wp-content\/uploads\/sites\/7\/2023\/09\/PM7-Rezygnazja-z-udzialu-w-zajeciach-mniejszosci-narodowej-niemieckiego.pdf\" class=\"wp-block-file__button wp-element-button\" download aria-describedby=\"wp-block-file--media-02d41cc7-1f5c-45de-806a-5db2aeb03c57\">Pobierz<\/a><\/div>\n\n\n\n<div class=\"wp-block-file\"><a id=\"wp-block-file--media-008e5a78-ac05-4f47-8d0e-97fafe011b83\" href=\"https:\/\/zsp12.gliwice.pl\/pm7\/wp-content\/uploads\/sites\/7\/2023\/09\/PM7-Oswiadczenie-rodzica-w-sprawie-znajomosci-procedur.pdf\">PM7 O\u015bwiadczenie rodzica w sprawie znajomo\u015bci procedur<\/a><a href=\"https:\/\/zsp12.gliwice.pl\/pm7\/wp-content\/uploads\/sites\/7\/2023\/09\/PM7-Oswiadczenie-rodzica-w-sprawie-znajomosci-procedur.pdf\" class=\"wp-block-file__button wp-element-button\" download aria-describedby=\"wp-block-file--media-008e5a78-ac05-4f47-8d0e-97fafe011b83\">Pobierz<\/a><\/div>\n\n\n\n<div class=\"wp-block-file\"><a id=\"wp-block-file--media-4067b60b-f1f7-4b3b-98e9-643f8d5a7bfa\" href=\"https:\/\/zsp12.gliwice.pl\/pm7\/wp-content\/uploads\/sites\/7\/2023\/09\/PM7-Upowaznienie-do-odbioru-dziecka.pdf\">PM7 Upowa\u017cnienie do odbioru dziecka<\/a><a href=\"https:\/\/zsp12.gliwice.pl\/pm7\/wp-content\/uploads\/sites\/7\/2023\/09\/PM7-Upowaznienie-do-odbioru-dziecka.pdf\" class=\"wp-block-file__button wp-element-button\" download aria-describedby=\"wp-block-file--media-4067b60b-f1f7-4b3b-98e9-643f8d5a7bfa\">Pobierz<\/a><\/div>\n\n\n\n<div class=\"wp-block-file\"><a id=\"wp-block-file--media-aceab8f5-886b-44bd-bfde-9564ebe77801\" href=\"https:\/\/zsp12.gliwice.pl\/pm7\/wp-content\/uploads\/sites\/7\/2023\/09\/PM7-Wniosek-o-udzial-dziecka-w-zajeciach-religii.pdf\">PM7 Wniosek o udzia\u0142 dziecka w zaj\u0119ciach religii<\/a><a href=\"https:\/\/zsp12.gliwice.pl\/pm7\/wp-content\/uploads\/sites\/7\/2023\/09\/PM7-Wniosek-o-udzial-dziecka-w-zajeciach-religii.pdf\" class=\"wp-block-file__button wp-element-button\" download aria-describedby=\"wp-block-file--media-aceab8f5-886b-44bd-bfde-9564ebe77801\">Pobierz<\/a><\/div>\n\n\n\n<div class=\"wp-block-file\"><a id=\"wp-block-file--media-e6153f7d-1a33-4c94-a310-e39990bc7fb9\" href=\"https:\/\/zsp12.gliwice.pl\/pm7\/wp-content\/uploads\/sites\/7\/2024\/06\/umowa-Easy-Rider.pdf\">PM7 Umowa cateringowa &#8211; Easy-Rider<\/a><a href=\"https:\/\/zsp12.gliwice.pl\/pm7\/wp-content\/uploads\/sites\/7\/2024\/06\/umowa-Easy-Rider.pdf\" class=\"wp-block-file__button wp-element-button\" download aria-describedby=\"wp-block-file--media-e6153f7d-1a33-4c94-a310-e39990bc7fb9\">Pobierz<\/a><\/div>\n","protected":false},"excerpt":{"rendered":"","protected":false},"author":2,"featured_media":12152,"parent":0,"menu_order":0,"comment_status":"closed","ping_status":"closed","template":"","meta":{"inline_featured_image":false,"ngg_post_thumbnail":0,"footnotes":""},"class_list":["post-13349","page","type-page","status-publish","has-post-thumbnail","hentry"],"_links":{"self":[{"href":"https:\/\/zsp12.gliwice.pl\/pm7\/wp-json\/wp\/v2\/pages\/13349"}],"collection":[{"href":"https:\/\/zsp12.gliwice.pl\/pm7\/wp-json\/wp\/v2\/pages"}],"about":[{"href":"https:\/\/zsp12.gliwice.pl\/pm7\/wp-json\/wp\/v2\/types\/page"}],"author":[{"embeddable":true,"href":"https:\/\/zsp12.gliwice.pl\/pm7\/wp-json\/wp\/v2\/users\/2"}],"replies":[{"embeddable":true,"href":"https:\/\/zsp12.gliwice.pl\/pm7\/wp-json\/wp\/v2\/comments?post=13349"}],"version-history":[{"count":4,"href":"https:\/\/zsp12.gliwice.pl\/pm7\/wp-json\/wp\/v2\/pages\/13349\/revisions"}],"predecessor-version":[{"id":16503,"href":"https:\/\/zsp12.gliwice.pl\/pm7\/wp-json\/wp\/v2\/pages\/13349\/revisions\/16503"}],"wp:featuredmedia":[{"embeddable":true,"href":"https:\/\/zsp12.gliwice.pl\/pm7\/wp-json\/wp\/v2\/media\/12152"}],"wp:attachment":[{"href":"https:\/\/zsp12.gliwice.pl\/pm7\/wp-json\/wp\/v2\/media?parent=13349"}],"curies":[{"name":"wp","href":"https:\/\/api.w.org\/{rel}","templated":true}]}}

<div class="wp-block-file"><a id="wp-block-file--media-8f8d18d8-8457-4530-817c-2602f37b3feb" href="https://zsp12.gliwice.pl/pm7/wp-content/uploads/sites/7/2023/09/PM7-Aneks-do-harmonogramu-pobytu-dziecka-w-przedszkolu.pdf">PM7 Aneks do harmonogramu pobytu dziecka w przedszkolu</a><a href="https://zsp12.gliwice.pl/pm7/wp-content/uploads/sites/7/2023/09/PM7-Aneks-do-harmonogramu-pobytu-dziecka-w-przedszkolu.pdf" class="wp-block-file__button wp-element-button" download aria-describedby="wp-block-file--media-8f8d18d8-8457-4530-817c-2602f37b3feb">Pobierz</a></div>



<div class="wp-block-file"><a id="wp-block-file--media-1c828353-045f-41d3-9859-303a26180fa5" href="https://zsp12.gliwice.pl/pm7/wp-content/uploads/sites/7/2023/09/PM7-2023-Deklaracji-godzin-pobytu.pdf">PM7 Deklaracji godzin pobytu 2023</a><a href="https://zsp12.gliwice.pl/pm7/wp-content/uploads/sites/7/2023/09/PM7-2023-Deklaracji-godzin-pobytu.pdf" class="wp-block-file__button wp-element-button" download aria-describedby="wp-block-file--media-1c828353-045f-41d3-9859-303a26180fa5">Pobierz</a></div>



<div class="wp-block-file"><a id="wp-block-file--media-94614a71-75fc-4cec-ab91-0988ec23eba8" href="https://zsp12.gliwice.pl/pm7/wp-content/uploads/sites/7/2023/09/PM7-Deklaracja-udzialu-w-zajeciach-mniejszosci-narodowej-niemieckiego.pdf">PM7 Deklaracja udziału w zajęciach mniejszości narodowej &#8211; niemieckiego</a><a href="https://zsp12.gliwice.pl/pm7/wp-content/uploads/sites/7/2023/09/PM7-Deklaracja-udzialu-w-zajeciach-mniejszosci-narodowej-niemieckiego.pdf" class="wp-block-file__button wp-element-button" download aria-describedby="wp-block-file--media-94614a71-75fc-4cec-ab91-0988ec23eba8">Pobierz</a></div>



<div class="wp-block-file"><a id="wp-block-file--media-3391cac4-2ab3-4df2-bb36-509297dfe0ec" href="https://zsp12.gliwice.pl/pm7/wp-content/uploads/sites/7/2023/09/PM7-Formularz-aktualizacji-danych-osobowych.pdf">PM7 Formularz aktualizacji danych osobowych</a><a href="https://zsp12.gliwice.pl/pm7/wp-content/uploads/sites/7/2023/09/PM7-Formularz-aktualizacji-danych-osobowych.pdf" class="wp-block-file__button wp-element-button" download aria-describedby="wp-block-file--media-3391cac4-2ab3-4df2-bb36-509297dfe0ec">Pobierz</a></div>



<div class="wp-block-file"><a id="wp-block-file--media-2a7ee3df-99db-454b-929e-1ddcfd7c1cb5" href="https://zsp12.gliwice.pl/pm7/wp-content/uploads/sites/7/2023/09/PM7-Harmonogram-pobytu-dziecka-w-przedszkolu.pdf">PM7 Harmonogram pobytu dziecka w przedszkolu</a><a href="https://zsp12.gliwice.pl/pm7/wp-content/uploads/sites/7/2023/09/PM7-Harmonogram-pobytu-dziecka-w-przedszkolu.pdf" class="wp-block-file__button wp-element-button" download aria-describedby="wp-block-file--media-2a7ee3df-99db-454b-929e-1ddcfd7c1cb5">Pobierz</a></div>



<div class="wp-block-file"><a id="wp-block-file--media-0426038e-dcf5-4410-b26e-39c8a90bdd29" href="https://zsp12.gliwice.pl/pm7/wp-content/uploads/sites/7/2023/09/PM7-Rezygnacja-z-udzialu-dziecka-w-zajeciach-religii.pdf">PM7 Rezygnacja z udziału dziecka w zajęciach religii</a><a href="https://zsp12.gliwice.pl/pm7/wp-content/uploads/sites/7/2023/09/PM7-Rezygnacja-z-udzialu-dziecka-w-zajeciach-religii.pdf" class="wp-block-file__button wp-element-button" download aria-describedby="wp-block-file--media-0426038e-dcf5-4410-b26e-39c8a90bdd29">Pobierz</a></div>



<div class="wp-block-file"><a id="wp-block-file--media-02d41cc7-1f5c-45de-806a-5db2aeb03c57" href="https://zsp12.gliwice.pl/pm7/wp-content/uploads/sites/7/2023/09/PM7-Rezygnazja-z-udzialu-w-zajeciach-mniejszosci-narodowej-niemieckiego.pdf">PM7 Rezygnacja z udziału w zajęciach mniejszości narodowej &#8211; niemieckiego</a><a href="https://zsp12.gliwice.pl/pm7/wp-content/uploads/sites/7/2023/09/PM7-Rezygnazja-z-udzialu-w-zajeciach-mniejszosci-narodowej-niemieckiego.pdf" class="wp-block-file__button wp-element-button" download aria-describedby="wp-block-file--media-02d41cc7-1f5c-45de-806a-5db2aeb03c57">Pobierz</a></div>



<div class="wp-block-file"><a id="wp-block-file--media-008e5a78-ac05-4f47-8d0e-97fafe011b83" href="https://zsp12.gliwice.pl/pm7/wp-content/uploads/sites/7/2023/09/PM7-Oswiadczenie-rodzica-w-sprawie-znajomosci-procedur.pdf">PM7 Oświadczenie rodzica w sprawie znajomości procedur</a><a href="https://zsp12.gliwice.pl/pm7/wp-content/uploads/sites/7/2023/09/PM7-Oswiadczenie-rodzica-w-sprawie-znajomosci-procedur.pdf" class="wp-block-file__button wp-element-button" download aria-describedby="wp-block-file--media-008e5a78-ac05-4f47-8d0e-97fafe011b83">Pobierz</a></div>



<div class="wp-block-file"><a id="wp-block-file--media-4067b60b-f1f7-4b3b-98e9-643f8d5a7bfa" href="https://zsp12.gliwice.pl/pm7/wp-content/uploads/sites/7/2023/09/PM7-Upowaznienie-do-odbioru-dziecka.pdf">PM7 Upoważnienie do odbioru dziecka</a><a href="https://zsp12.gliwice.pl/pm7/wp-content/uploads/sites/7/2023/09/PM7-Upowaznienie-do-odbioru-dziecka.pdf" class="wp-block-file__button wp-element-button" download aria-describedby="wp-block-file--media-4067b60b-f1f7-4b3b-98e9-643f8d5a7bfa">Pobierz</a></div>



<div class="wp-block-file"><a id="wp-block-file--media-aceab8f5-886b-44bd-bfde-9564ebe77801" href="https://zsp12.gliwice.pl/pm7/wp-content/uploads/sites/7/2023/09/PM7-Wniosek-o-udzial-dziecka-w-zajeciach-religii.pdf">PM7 Wniosek o udział dziecka w zajęciach religii</a><a href="https://zsp12.gliwice.pl/pm7/wp-content/uploads/sites/7/2023/09/PM7-Wniosek-o-udzial-dziecka-w-zajeciach-religii.pdf" class="wp-block-file__button wp-element-button" download aria-describedby="wp-block-file--media-aceab8f5-886b-44bd-bfde-9564ebe77801">Pobierz</a></div>



<div class="wp-block-file"><a id="wp-block-file--media-e6153f7d-1a33-4c94-a310-e39990bc7fb9" href="https://zsp12.gliwice.pl/pm7/wp-content/uploads/sites/7/2024/06/umowa-Easy-Rider.pdf">PM7 Umowa cateringowa &#8211; Easy-Rider</a><a href="https://zsp12.gliwice.pl/pm7/wp-content/uploads/sites/7/2024/06/umowa-Easy-Rider.pdf" class="wp-block-file__button wp-element-button" download aria-describedby="wp-block-file--media-e6153f7d-1a33-4c94-a310-e39990bc7fb9">Pobierz</a></div>
